alculate the highest common factor of j and v.
11
Let u = 23 - 14. Suppose x - 2*n - 238 = 0, n = 5*x - 0*n - 1235. Suppose x = 4*s + 4*q, 0 = 4*s - 3*q + q - 254. What is the highest common factor of s and u?
9
Suppose -249 = -2*t - 39. Let m be 16/5*t/14. What is the highest common factor of 36 and m?
12
Suppose 2*g = 3*z + 69, 2*z = -z - 15. Calculate the greatest common factor of 54 and g.
27
Suppose 0 = -d - 0*d + x + 38, d - 53 = 4*x. Suppose 6 = 5*k + 5*z - 69, 0 = -2*k + z + d. What is the greatest common divisor of k and 112?
16
Let p = -29 - -36. Let l = -6 + 27. Calculate the greatest common divisor of p and l.
7
Suppose 2 = 2*z + 6*d - 2*d, z = 4*d + 19. Let w = z + -7. Suppose -3*f + f - 2*u + 172 = w, 2*f - 152 = 2*u. What is the greatest common divisor of 9 and f?
9
Suppose 4*h - 12 = 8, -2*d + 399 = 3*h. Let q be (12/(-5))/((-2)/20). What is the greatest common divisor of d and q?
24
Let f be 351/15 + 3/5. Calculate the highest common factor of f and 6.
6
Suppose 0 = -4*q + 12 - 4. Suppose -3*l - 4 = -2*o - l, 3*l - 24 = -q*o. Let g be 556/10 - o/(-15). What is the highest common divisor of g and 8?
8
Let o(d) = 6*d. Let j be o(2). Let x be (-64)/(-3) + (-4)/j. Suppose 95 = v - 115. What is the highest common divisor of x and v?
21
Suppose 8*o - 38 = 42. Calculate the greatest common divisor of 25 and o.
5
Let g(j) = 2*j**2 + 6*j - 5. Let f be g(-5). Let k be (f/(-6) - -3)*24. What is the highest common divisor of k and 18?
6
Let t be ((-4)/(-5))/((-4)/(-4 - 36)). What is the greatest common factor of t and 1?
1
Suppose 1 = w - 2. Let z be w*(-2)/4*4. Let i be (-3)/9 + (-26)/z. What is the greatest common factor of i and 36?
4
Suppose -11*g + 4*g = -140. What is the highest common factor of g and 20?
20
Let c = 85 + -79. What is the highest common factor of c and 8?
2
Let h = 5 - -17. Suppose 20 + h = 6*x. Let c be (1 - (-20)/(-6))*-21. What is the highest common divisor of c and x?
7
Let z = -116 - -298. What is the greatest common divisor of z and 14?
14
Let z be 2 - 2*(-6 + 1). Suppose 0 = w - 35 - 13. Calculate the highest common factor of w and z.
12
Let v = 68 + -50. Calculate the highest common factor of v and 18.
18
Let c = -17 - -47. Let r(b) = -b**2 + 3*b - 2. Let t be r(3). Let o = t + 12. What is the greatest common divisor of o and c?
10
Let q = -3 + 5. Suppose v = -y + 22, 3*v - q*y + 92 = 7*v. Suppose -v = -3*x + 24. What is the greatest common factor of 16 and x?
16
Let q = 42 - 18. Calculate the highest common divisor of 24 and q.
24
Let j(v) = v + 8. Let l be (-1 - -2)/(3/(-18)). Let a be j(l). Suppose 3*f - 13 = -2*k + a*f, -2*f = -k - 6. Calculate the greatest common factor of 8 and k.
4
Let l be ((-2)/(-4))/((-3)/(-42)). Let m = -17 - -10. Let g be (-4 + 2)*m/14. What is the highest common factor of l and g?
1
Suppose 5*q + 158 + 247 = 0. Let a = -10 - q. Let l = -50 + a. Calculate the greatest common divisor of 7 and l.
7
Suppose -2*o - 255 = -7*o. Calculate the greatest common divisor of o and 17.
17
Suppose 2 = 4*o - 6. Suppose -o*m = -0*m - 18. Let z = -82 + 154. Calculate the highest common factor of m and z.
9
Suppose 5*x - 5*y - 180 = 0, 0*x - 4*y = -x + 30. Calculate the highest common factor of x and 95.
19
Let l(x) = -x**3 - 7*x**2 - 2*x - 4. Let i be l(-7). What is the greatest common factor of 30 and i?
10
Let h = -4 + 7. Suppose -2*l - l = -h. Suppose -5*f + 16 + 19 = 0. Calculate the highest common divisor of l and f.
1
Let m(d) = 2*d + 15. Let b be m(0). What is the greatest common factor of 6 and b?
3
Let t(g) = g**2 + 3. Let s be t(-6). What is the greatest common divisor of s and 156?
39
Let m(p) = -p - 1. Let l be m(-3). Suppose 2*o + 3 = -7. Let h be o/(-4)*(9 + -5). What is the highest common divisor of h and l?
1
Let n be (20/(-7))/((-2)/7). What is the highest common factor of n and 50?
10
Let r be 8/6*(-60)/(-8). Suppose 0 = 3*l + 2*l - r. Let b be -1 + (l - -1*5). What is the highest common divisor of 30 and b?
6
Let f = 16 - 12. What is the highest common factor of f and 36?
4
Let c(v) = -v**2 + v**3 + v**2 - 1 + 5 + 6*v**2. Let w be c(-6). What is the highest common factor of 28 and w?
4
Let c = 81 + -60. Calculate the greatest common factor of 21 and c.
21
Let p(i) = -i**3 - i**2 + 90. Let o be p(0). What is the highest common factor of 60 and o?
30
Let v = -17 - -11. Let c(u) = u**3 + 7*u**2 + 5*u + 1. Let x be c(v). What is the highest common divisor of x and 42?
7
Suppose -w = 3*w - 40. Let b = 19 - w. What is the greatest common divisor of b and 6?
3
Suppose -5*b + 169 = 29. Suppose 0 = 4*c - 4*g, -c - 5*g = c - b. Suppose c*z = 2*z + 10. Calculate the greatest common divisor of 30 and z.
5
Let s(v) = -4 + 10 - 2*v + 3*v + 0*v. Let t be s(-12). Let q be 15 + -2*(-9)/t. Calculate the highest common factor of q and 6.
6
Suppose 4*l - 37 = -5. Let o = 8 - 10. Let d be 2 - (3 + (o - 3)). What is the highest common factor of l and d?
4
Suppose -4*b + b + 234 = 0. Calculate the highest common divisor of 117 and b.
39
Let x be ((-18)/(-15))/(4/10). Suppose -x*a = a - 4. Let z be a + (-4 - 1)/(-1). What is the highest common divisor of z and 48?
6
Let i be 24/140*5*-7. Let q = i - -13. What is the highest common divisor of q and 14?
7
Suppose a + 12 = -3*l, -5*a + l = -24 + 4. Suppose v - a*f - 7 = -2*f, -v + 4*f + 19 = 0. Suppose 21 = v*u - 9. Calculate the highest common factor of u and 10.
10
Let b be ((-6)/5)/((-16)/1960). What is the highest common factor of b and 21?
21
Let j = -228 - -382. Suppose -c + 49 = 3*p, c + 3*c = 2*p + j. Let u = 392 - 382. Calculate the greatest common divisor of c and u.
10
Let v be (-1 + -5)*(-80)/6. What is the greatest common factor of v and 120?
40
Let b be 1*-4*98/(-8). What is the highest common divisor of 7 and b?
7
Let i = -49 - -34. Let j be i/3*(-28)/10. What is the highest common divisor of 42 and j?
14
Let r(z) = z**3 - 2*z**2 - 5. Let l be r(3). What is the greatest common factor of 10 and l?
2
Let y be 63 - 18/(-12)*4/3. Suppose -2*z + 130 = -z. Suppose z = 5*w - 0*w. Calculate the greatest common divisor of w and y.
13
Let x(a) = a**2 + 22*a + 65. Let h be x(-20). Suppose 0*z = 2*z - 200. What is the greatest common divisor of h and z?
25
Suppose 0 = 5*q + 52 - 167. Calculate the highest common factor of q and 115.
23
Let l(f) = f**3 - 6*f**2 - 7*f + 4. Let q be l(7). Calculate the greatest common factor of 28 and q.
4
Let w = 38 - 14. Suppose -5*t - 4 = 2*i, 3 = 5*i + 13. Suppose -5*x + 33 + 7 = t. Calculate the greatest common divisor of w and x.
8
Let c(l) = -l**3 + 2*l + 3. Let x be c(-2). Let r(o) = o**2 - 5*o. Let g be r(x). Let j be g - 2 - (0 + 2). What is the highest common factor of j and 50?
10
Suppose -4*x + 104 + 116 = 0. Suppose -3*l + 18 - 6 = 0. Suppose -2*s + 5*a + 17 = 0, -l*a = -s - 8*a + 15. What is the greatest common divisor of s and x?
11
Let s be (0 + -1)/(-5 - (-2120)/425). What is the greatest common factor of s and 51?
17
Let g be (2 - 2)*(-1)/2. Suppose g = 2*i - 7*i + 3*x + 27, 4*i - 24 = 3*x. Let s be 10*(21/(-15) + i). Calculate the greatest common divisor of s and 4.
4
Let n = 79 - -14. Calculate the highest common factor of n and 31.
31
Suppose -5*z + u + 95 = 0, -5*u + 4 = z - 41. What is the highest common factor of z and 140?
20
Suppose -25 + 145 = 5*f + 4*k, 0 = 3*f + 4*k - 80. What is the greatest common divisor of f and 190?
10
Suppose 2*a - 379 = b, 2*a + 4*b = 2*b + 394. Calculate the highest common divisor of 24 and a.
24
Let u = 33 - 66. Let q be (u/6)/((-1)/2). What is the highest common factor of q and 11?
11
Suppose 12*a + 340 = 17*a. Calculate the highest common divisor of a and 170.
34
Let u = -69 - -95. Calculate the highest common divisor of 78 and u.
26
Let c be 4/(-6)*(-36)/8. Suppose c*z = -z + 480. What is the greatest common divisor of 15 and z?
15
Let g(x) = 5*x + 6. Let b be g(6). Suppose f + 3*i = -3*f + 10, 3*f - 3*i - 18 = 0. What is the greatest common divisor of b and f?
4
Suppose 6*i - 639 = 81. What is the greatest common divisor of i and 15?
15
Let y be (-5 - -1)/((-2)/10). Let o = 531 - 431. What is the highest common factor of y and o?
20
Let l(d) = d. Let g(k) = k**3 - 4*k**2 + 3*k - 4. Let z(y) = -g(y) + 3*l(y). Let j be z(4). Let v = j - -60. What is the greate